ors of c?
3, 23
Let j(c) = c**2 - 6*c - 45. Let y be j(11). Suppose -6 = -2*g - 4*g. List the prime factors of (g + (-2)/y)*140.
2, 7
Suppose 5*m + 23*l - 28*l = 39870, -5*l + 23922 = 3*m. List the prime factors of m.
2, 3, 443
Let d = 586 + 344. Suppose 4*y - d = y. What are the prime factors of y?
2, 5, 31
Suppose 3*d - 844 + 303 = j, -3*d + 4*j = -553. Suppose d = 2*s - 7*s + 4*u, 4*s + u = -160. What are the prime factors of 10 + -6 - 1*s?
43
Let k be 15 + -8 - 0/(-2). Suppose 6240 = k*g - 1026. What are the prime factors of g?
2, 3, 173
List the prime factors of (-2)/(-8) - (473467/(-68) - 2).
5, 7, 199
Let k(y) = -3*y**3 + 8*y**2 - 7*y - 44. Let f be k(6). What are the prime factors of (-44 + 43)/(-2*(-1)/f)?
223
Suppose 240*v - 29543 = 209*v. What are the prime factors of v?
953
Let i be 22/(9 + -8) - 5. Suppose i*p - 814 = 3079. List the prime factors of p.
229
Let o = -59 - -63. Suppose -h + o*h + 5*g - 43 = 0, -17 = -h - 3*g. Suppose -h*v + 13*v - 288 = 0. What are the prime factors of v?
2, 3
Let a = -136 - -136. Suppose 5*u + 15 = a, 2*s - u = -0*u + 333. List the prime factors of s.
3, 5, 11
Let j(b) = b**2 - 1. Let d(m) = 5*m**2 - 3*m - 5. Let h(t) = -d(t) + 4*j(t). Let o be h(-8). Let f = o - -106. List the prime factors of f.
19
Let u = 9065 + -6172. What are the prime factors of u?
11, 263
Let t = -382 - -384. Suppose 3*i - t*m = 248, 5*i - m = -0*i + 411. What are the prime factors of i?
2, 41
Suppose -22*o - 20 = 112. What are the prime factors of 9/(36/1880) + o?
2, 29
Suppose 2*k - 2*t - 7 = -t, 3*k - 2*t - 12 = 0. Suppose -k*x + 3 = -53. Suppose s + x = 5*s. List the prime factors of s.
7
Suppose 3*n - 84 = -0*n. Suppose 0 = 3*k + 4*z - n, 4*k - 12*z = -7*z + 58. What are the prime factors of (0 + -2)*2*(-519)/k?
173
Let q(c) = 8*c**3 + 2*c**2 + 4*c - 4. Let z be q(6). Let b be z/8 - 3/(-2). Suppose 6*n - b - 827 = 0. List the prime factors of n.
2, 11
Let n = 5783 + -2233. Suppose 0 = s - 2, 532 = 3*o - 2*s - n. List the prime factors of o.
2, 3, 227
Let f = -51 + 54. Suppose 3*c - 246 = f*s, 0*s - 2*c + 85 = -s. Let a = s + 221. List the prime factors of a.
2, 71
Suppose 4*b = 2*b. Let t(r) = -r + 5*r**3 - 254 + 354 - 4*r**3 - r**2 - 2*r**3. What are the prime factors of t(b)?
2, 5
Let x(g) = 56*g**2 - 6*g + 1. Let v = 99 + -97. Suppose f = -v*h + 9, 3*h - 10 = -3*f + 5. What are the prime factors of x(f)?
3, 17
Suppose 5*n - 4*a + 2 = -2*a, 2 = 5*n + 2*a. Suppose -3*p - 12 + 24 = n. Suppose -u = -p*h - 19 - 19, -5*h = -5*u + 220. What are the prime factors of u?
2, 23
Let n(x) be the first derivative of x**3/3 - 5*x**2/2 + 62*x + 53. List the prime factors of n(0).
2, 31
Let g(k) = -4687*k + 279. Let d be g(-9). What are the prime factors of d/90 + 4/(-5)?
3, 157
List the prime factors of (-100 + 97)*37276/(-12).
9319
Let l(m) = -5*m**3 + 11*m**2 + 9*m - 7. Let o be l(-4). What are the prime factors of ((-26)/(-13))/((-2)/o)*-1?
3, 151
Let t(z) = -29*z - 17. Suppose 27 = -4*v + 3. Let u be t(v). Let x = u - 76. List the prime factors of x.
3
Let f(n) = -6*n + 41. Let i = 29 - 41. Let h be f(i). Suppose x = h - 11. What are the prime factors of x?
2, 3, 17
Let w(n) = -51*n + 59. Let v be w(-19). Suppose 3*r - v = -r. What are the prime factors of r?
257
Suppose -c + b + 781 = 0, -b + 95 + 3024 = 4*c. Suppose -m - c = -4*w - 62, -2*m + 354 = 2*w. What are the prime factors of w?
179
Suppose -11*w = -20*w - 81. List the prime factors of (7 - 4 - -1487) + w/9.
1489
Suppose 83*d = -39*d + 1311134. List the prime factors of d.
11, 977
Let f(i) = 7*i**3 + 8*i**2 - 5*i + 8. Let v(o) = 12*o**3 + 15*o**2 - 10*o + 15. Let w(u) = -7*f(u) + 4*v(u). List the prime factors of w(-4).
2, 19
Let d = -187 + 187. Suppose -5*y + 1020 = -d*y. What are the prime factors of y?
2, 3, 17
Suppose -3*j - 1264*k = -1266*k - 28721, -2*k + 9571 = j. What are the prime factors of j?
3, 3191
Suppose 2*s - 240 = -4*s. Suppose -s*x = -9*x - 24831. What are the prime factors of x?
3, 89
Suppose -9*h = -6*h + 351. Let d = h - -197. What are the prime factors of 10/d - (-414)/16?
2, 13
Let g(c) = 35*c + 6. Let h be g(5). Suppose -34148 = -149*d + 23664. Let j = d - h. List the prime factors of j.
3, 23
Let r = 15608 + -8066. What are the prime factors of r?
2, 3, 419
Suppose -5*h + 3*v = -90, 5*h + 4*v = -26 + 81. Suppose 5*b - 2973 = -h*z + 16*z, 2*z = -6. What are the prime factors of b?
2, 3, 11
Suppose 55*j - 83*j = -840336. What are the prime factors of j?
2, 3, 41, 61
Let a(i) = -i**2 + 12*i + 2. Let m be a(12). Suppose -113 = -m*w + 5. List the prime factors of w.
59
Let p(q) = 235*q + 271. Let n be p(10). Let z = -1578 + n. What are the prime factors of z?
7, 149
Let g = -32 + 36. Suppose -37 = -g*o - 57. What are the prime factors of 6 + o - -167*(2 + -1)?
2, 3, 7
Let q(m) = -340*m - 3208. What are the prime factors of q(-19)?
2, 3, 271
Suppose 2*n = -4*c - 22, 2 = -2*c + n + 1. Let d = c + 16. Suppose -12*t = -d*t + 36. List the prime factors of t.
2, 3
What are the prime factors of -6*3215*(-2*(-6)/(-12))/1?
2, 3, 5, 643
Let r(s) = -4*s**3 + 185*s**2 - 22*s - 35. List the prime factors of r(46).
1069
Let f(i) be the second derivative of -i**5/20 + 2*i**4/3 - i**3/6 - 5*i**2/2 - 3*i. Let q be f(8). Let z = -3 - q. List the prime factors of z.
2, 5
Let z(h) = 8*h**3 + 9*h**2 + h. Let u be z(-6). Suppose -21 = -172*c - 881. What are the prime factors of ((-4)/6 - -1)*u/c?
2, 47
Let l = 1674 - -535. Suppose -14*f = -4749 - l. List the prime factors of f.
7, 71
Let l be (-681)/2 - 20/(-40). Let i = l - -870. List the prime factors of i.
2, 5, 53
Let z be ((-21)/(-42))/((-1)/122). Let u = z + 90. List the prime factors of u.
29
Let h = 11 + 221. Let z = h + -12. What are the prime factors of z?
2, 5, 11
Let d be (-38*(-2)/8)/((-6)/(-48)). Let k = -71 + d. What are the prime factors of (-2)/k + -2 + 501/15?
31
Let u(n) = n - 1. Let r(j) = 16*j + 15. Let s(h) = -5*r(h) - 10*u(h). What are the prime factors of s(-5)?
5, 7, 11
Suppose 5*c = -2*d + 14, -4*d - 60*c - 28 = -64*c. Let b(x) = -3*x**2 + 0*x**2 - 2*x**2 - 7*x**3 - 2*x. List the prime factors of b(d).
2, 3, 5
Let g(x) = -3*x**3 - 5*x. Let d(t) = -3*t**3 + t**2 - 5*t + 1. Let f(u) = -3*d(u) + 4*g(u). Let y be f(-3). Let h = -56 + y. What are the prime factors of h?
2, 5
Let h be 16/64 + 30/8. Suppose 3*k - 144 = -2*m, -h*k = 2*m - 202 + 60. What are the prime factors of m?
3, 5
What are the prime factors of 20629752/234 + 2/3?
2, 17, 2593
Let l = -366 - -368. Let r(m) = 5*m**3 + m**2 - 9. What are the prime factors of r(l)?
5, 7
Let w be ((96/(-10))/(-4))/((-24)/80). Let p(n) = -2*n**3 - 11*n**2 + 20*n + 17. List the prime factors of p(w).
3, 59
Suppose -81*f + 3*m + 26042 = -76*f, -3*f + 15630 = -3*m. What are the prime factors of f?
2, 19, 137
Let t = -66362 - -97381. What are the prime factors of t?
31019
Let i = 309 - -52. Let h = i + 17. List the prime factors of h.
2, 3, 7
Let x = 579 - 238. Let w = x - 195. Suppose 0 = 5*z - w - 354. List the prime factors of z.
2, 5
Suppose -4*o + 7 = -5*y - 6, -4*o - 17 = y. Let n(l) = -83*l + 13. What are the prime factors of n(o)?
2, 131
Let r(q) be the third derivative of q**4/24 - q**3/2 + 19*q**2. Let v be r(-4). Let p = v + 36. List the prime factors of p.
29
Let y = -1392 + 8594. What are the prime factors of y?
2, 13, 277
Let i(w) = -3*w**2 + 3*w + 7. Let x be (4 - (-88)/(-20))*10. Let h be i(x). Let c = h - -68. List the prime factors of c.
3, 5
Let d(i) = -i**3 - 9*i**2 + 12*i + 15. Let m be d(-10). List the prime factors of 27/(m + (-405)/(-80)) - 0.
2, 3
Let u(k) = -2*k**2 - 17*k - 24. Let q be u(-6). List the prime factors of (q*154)/6 - 5.
149
Let l(n) = n**3 + 5*n**2 - 6*n - 2. Let z be l(-6). Let q(j) = j**2 - 3*j - 6. Let o be q(z). Suppose -o*m + 256 = -0*m. List the prime factors of m.
2
Let r be 437 + 11 - -3*8/4. Let x = -58 + r. What are the prime factors of x?
2, 3, 11
Suppose f - 21088 = -3*o, 0 = 3*o - 122*f + 117*f - 21082. What are the prime factors of o?
3, 11, 71
Let n = -742 - -734. Let q(v) = -68*v + 264. List the prime factors of q(n).
2, 101
Let c(y) = -y**3 + 3*y**2 - 6*y. Let d be c(3). List the prime factors of (4 + -1)/d + 4034/12.
2, 3, 7
Suppose 4*z - 52*b + 49*b = -3, -2 = 5*z - 2*b. Let f(a) = a**2 + 236. List